+ -4). What is the tens digit of 460/25 + (-6)/g?
1
What is the units digit of ((-12)/(84/11165))/((-3)/6)?
0
Let n = 44 - 38. Let k = n + 8. What is the units digit of k?
4
Let w(q) = q - 9. Let d be w(11). Suppose d*t - 4 = 2. Suppose -m = t*m - 16. What is the units digit of m?
4
Suppose -35 = 11*a - 4*a. Let v = -11 + a. What is the tens digit of 98/(-2 + v/(-4))?
4
Suppose -3*t = 2*s - 463, -5*t + 672 = 3*s - 8*t. What is the hundreds digit of s?
2
Let u(o) = -17*o**2 - 8*o - 60. Let a(w) = -4*w**2 - 4 + 10*w - 12*w - 11. Let f(c) = -9*a(c) + 2*u(c). What is the units digit of f(-5)?
5
Let j be (3/(-9))/(2/(-9*4)). Suppose j*d - 1540 = -4*d. What is the units digit of d?
4
Let s be (3*-1)/(15/(-100)). Suppose -3*a = 4*a - 504. Let m = a - s. What is the units digit of m?
2
Let w(x) = 7*x - 2. Let t be w(2). Let a = -341 - -354. Suppose 5*c + a = l, -3*c - c = -t. What is the tens digit of l?
2
Let k(m) = 12*m + 7. Let h(a) = a. Let w(v) = -6*h(v) + k(v). What is the tens digit of w(4)?
3
Suppose w - 21 = -10. Suppose -w*j + 426 = -8*j. What is the hundreds digit of j?
1
Let o be (-808)/(-6) - 6/(-18). Let i = -31 - -49. Suppose 15*z - i*z = -o. What is the tens digit of z?
4
Suppose 0 = -4*p - u + 9311, -2*p - 45*u + 4661 = -50*u. What is the units digit of p?
8
Suppose -2*t - t = -6, 2*t = 5*v - 2991. What is the hundreds digit of v?
5
Suppose 21 = 2*b - 2*o - 9, 0 = 4*o. Let n = b + -16. Let l = 12 + n. What is the units digit of l?
1
Suppose -1204*n = -1198*n - 8298. What is the thousands digit of n?
1
Suppose 0 = -4*s - 2*m - 34, -2*s - 4 = -4*m - 2. Suppose -2*x = -0*x - 36. Let b = s + x. What is the units digit of b?
1
Let a = -5 + 10. Let r be 40/(-12) + (-2)/(-6). What is the tens digit of r + 4 + a + 11?
1
Suppose -p = 2*p - o - 966, -2*p - o = -639. What is the hundreds digit of p?
3
Let r = 17 - 23. Let k be 280/r*(-48)/40. What is the units digit of -2*(-4 + k/(-4))?
6
Let w(g) = -5*g**2 + 12*g + 19. Let b(t) = -t**2 + t + 1. Let q(s) = 4*b(s) - w(s). What is the units digit of q(-7)?
0
Let j(b) = 2*b**2 - 9*b - 3. Let k be j(10). Let m = -68 + k. What is the tens digit of m?
3
Let v = -5 - -8. Suppose -3 - v = -2*a. Suppose 0 = q + 2*z - 19, 0 = -0*q - a*q - 2*z + 45. What is the units digit of q?
3
Let q = 3 + -1. Suppose -5*y + 6 = f, 4*y - 3*f = 11 + 9. Suppose y = q*n - 2. What is the units digit of n?
2
Let x(d) = d**3 + 5*d**2 + 3*d - 4. Let m be x(-4). Suppose m = -u - 35 - 7. Let c = u + 59. What is the units digit of c?
7
Suppose 0*k - 2*k = n - 16, 3*n - 3*k = 84. Let x(u) = 23*u + 16. Let i be x(-2). What is the units digit of (1*n)/((-45)/i)?
6
Suppose -2*h - 2460 = 4*h. Let l = h + 605. What is the units digit of l?
5
Let h be 4/22 + (-5228)/(-44). Suppose 4*f = h + 65. What is the tens digit of f?
4
Let b(h) = -h**2 - 3. Let r be b(0). Let c be ((-51)/(-9))/(1/r). Let d = 10 - c. What is the units digit of d?
7
Suppose -3190 = -5*a + 5*q, -11*q = -a - 12*q + 644. What is the tens digit of a?
4
Suppose 5*p = 5*l - 895, 4*l - 3*p - 351 = 360. Suppose 9*t - l = 6*t. What is the tens digit of t?
5
Let t(r) = 38*r**2 - 5*r + 1. Let l(j) = -j**2 + 9*j + 24. Let f be l(11). What is the units digit of t(f)?
3
Suppose r = 324 + 119. Suppose -6*l + r = -49. What is the units digit of l?
2
Suppose -7*x + 17*x = 1980. What is the units digit of x?
8
Suppose 4*m - 2*m = -20. Let g = m - 12. What is the units digit of -4 + 1 - (g - -2)?
7
What is the units digit of -23*1/(8/(-624))?
4
Let t be 1/(-3) + (-241)/6*-2. Let w = -6 + t. What is the units digit of w?
4
Let m(l) = 3*l**2 - 3*l - 4. Suppose 4*s + 12 = -0. Let u be m(s). Let h = -19 + u. What is the tens digit of h?
1
Suppose 4*x = 3*x + 3. Suppose 4*g = x*g + 10. What is the tens digit of (-146)/(-10) + 4/g?
1
Suppose 19*i - 22*i = -276. What is the tens digit of i?
9
Suppose 5*s - 8994 + 1029 = 0. What is the tens digit of s?
9
Suppose -x = 5*v + 56, 64 = -0*v - 4*v + 4*x. What is the tens digit of (223/2)/((-6)/v)?
2
Let u = -227 + 742. What is the tens digit of u?
1
Suppose 0 = -3*s - 2*b - 0*b + 4, -5*s + 3*b = -32. Let u be (-4)/(-2) + s + 2. What is the units digit of -4 + u + 0/(-2)?
4
Suppose 0 = d - 54 + 3. Suppose 4*m + d = f - 21, 4*f = 2*m + 232. What is the tens digit of f?
5
Suppose 5*h + 3*y - 688 = 0, -4*y + 278 = -4*h + 6*h. What is the tens digit of h?
3
Suppose -60 = -3*w - w. Let i = w - 10. Suppose p - i*p = -84. What is the tens digit of p?
2
Suppose -4 + 24 = 2*q. Let l(n) = -4 - q*n - 4 - 3*n**2 + 2*n**2 - 3. What is the tens digit of l(-7)?
1
What is the hundreds digit of (1086/(-18))/1*(4 + -25)?
2
Suppose 1490 + 1660 = 3*z - y, z - 3*y - 1042 = 0. What is the hundreds digit of z?
0
Suppose -2*u = -5*s + 6318, 21*s + 5*u = 22*s - 1282. What is the tens digit of s?
6
Let y be (-1 + 12/8)*-3*-158. Suppose 151 = 4*v - y. What is the units digit of v?
7
Suppose 10*i - 4507 = 5023. What is the tens digit of i?
5
Let u(o) = 22*o - 2. Let s be 12/4 - 5/1. Let v be u(s). Let g = -19 - v. What is the tens digit of g?
2
Suppose 6*d - 4*t + 56 = 3*d, 0 = -2*d - 3*t - 60. Let f = d + 30. Suppose -4*c - 5*w = -61, -3*w + f*w = -2*c + 29. What is the units digit of c?
9
Let r = -176 + 277. Suppose 3*u + f - r = 0, -f - 140 = -5*u + 31. What is the tens digit of u?
3
Let v = -712 + 3686. What is the tens digit of v?
7
Suppose 5*n - 60 = -0*n. Suppose n*w = 14*w - 114. What is the tens digit of w?
5
Let u(w) = 4*w**2 + 4*w - 1. Let l = 1 + 4. Suppose -l*f + 3 = 18. What is the units digit of u(f)?
3
Suppose 4*i + 0*i = -4*n + 3064, -2*n = -3*i + 2313. What is the tens digit of i?
6
Let t = 1 + -1. Let q = 70 - 67. What is the tens digit of -4 + 14 + t + q?
1
Let s be (-2)/(-5) - 15/(-25). What is the tens digit of (-4221)/(-42)*(1 + s)?
0
Let c = 98 + -79. What is the hundreds digit of (11/(-4))/(c/(-988))?
1
Suppose -w - 23 = -5*d, 16 - 1 = 3*d. Suppose -2*s = 3*r - 95, 4*s - w*r + r - 183 = 0. What is the tens digit of s?
4
Let y(c) = 59*c + 19. What is the hundreds digit of y(19)?
1
Suppose 0 = 3*f + 1 - 49. Let c = 16 - f. Suppose c = 5*l - a - 3 - 9, -5*a = 5*l - 30. What is the units digit of l?
3
Let v = 4 - -16. Suppose -9*o + 13*o = v. What is the units digit of o?
5
Suppose 3*v = -4*m + 4*v - 56, 5*m = -5*v - 70. Let c be 4/6*483/m. Let u = c - -30. What is the units digit of u?
7
Let u = 17 + 15. Suppose u = -3*n + 2. What is the units digit of 5*(1 - 16/n)?
3
What is the hundreds digit of (18018/(-105))/((-3)/20) + 5?
1
Suppose 2*i - 2*n - 298 = 0, 3*i - n - 247 = 192. Let a = i + -81. What is the tens digit of a?
6
Suppose -25*m + 82034 = 10909. What is the hundreds digit of m?
8
Let c = 1250 - 841. What is the tens digit of c?
0
What is the units digit of (-643)/(-4) + (4/2)/8?
1
Let v(d) be the second derivative of -4*d**3/3 - d**2/2 - 7*d. Let w be v(7). Let c = -33 - w. What is the units digit of c?
4
Suppose v + 10 - 571 = 0. What is the tens digit of v?
6
Let y(w) = -w**3 - 7*w**2 + 9*w + 12. Suppose 25 = 5*k - h, 2*k - 5*h - 9 - 1 = 0. Suppose 4 - 2 = 2*g, 0 = -k*q - 3*g - 37. What is the units digit of y(q)?
4
Let q = -29 + 27. What is the tens digit of (-7)/q*300/21?
5
Let c = 920 - 649. What is the tens digit of c?
7
Suppose -3*q = q + 2*z - 14098, -z - 17612 = -5*q. What is the thousands digit of q?
3
What is the tens digit of ((-87)/9 + 9)*-1101?
3
Let x(c) = 3*c**2 + 3*c - 2. Let l be x(1). What is the units digit of (-220)/(-16)*l*1?
5
Suppose 4*s + 2*g - 12 = 0, 2*s - 3*g + 12 = 6*s. Suppose -3*h - 246 = -2*q, s*q - 5*h - 331 = -10*h. What is the tens digit of q?
1
Let h be -20*((-840)/25)/6. What is the tens digit of h/10 - (-1)/(-5)?
1
Let w(n) = -n**2 - 26*n + 29. What is the units digit of w(-26)?
9
Let d be 9 + ((-2)/6 - 8/(-6)). Let r(h) = -8*h - 10. Let v(b) = b + 1. Let x(l) = -r(l) - 4*v(l). What is the units digit of x(d)?
6
Let v(u) = -66*u + 71*u + 3*u**3 - 3*u**2 - 2 + 9*u**3. Let p be v(4). What is the units digit of (-2)/(-4) - p/(-12)?
2
Suppose -5*f + 25 = 5*l, -4*f - l + 5 = -0*l. Suppose 4*s - 12 - 88 = f. What is the tens digit of s?
2
Suppose -4*k - 3*w + 300 = 0, -3*k + 76 = -2*k + w. Let t = -11 - -45. Let d = k - t. What is the tens digit of d?
3
Let k be (20 - 16)/((-2)/(-69)). Suppose -4*i + k = 2*o